83007
What are the prime factors of 1104425042?
2, 7, 78887503
What are the prime factors of 14414724?
2, 3, 400409
List the prime factors of 86465818.
2, 37, 379, 3083
List the prime factors of 398667846.
2, 3, 41, 89, 131, 139
What are the prime factors of 494189574?
2, 3, 311, 264839
List the prime factors of 3208073369.
151, 21245519
What are the prime factors of 491233630?
2, 5, 149, 329687
List the prime factors of 69495600.
2, 3, 5, 29, 1997
What are the prime factors of 457490381?
457490381
List the prime factors of 1049734306.
2, 19, 23, 73, 16453
List the prime factors of 261277418.
2, 47, 827, 3361
List the prime factors of 74366706.
2, 3, 31, 73, 5477
What are the prime factors of 474657581?
233, 2037157
List the prime factors of 815292079.
7, 1361, 85577
What are the prime factors of 181788246?
2, 3, 3366449
What are the prime factors of 12250450?
2, 5, 491, 499
List the prime factors of 103891263.
3, 7, 4947203
What are the prime factors of 3206952201?
3, 31, 3251, 10607
What are the prime factors of 78326703?
3, 7, 13, 71, 449
List the prime factors of 70388832.
2, 3, 23, 71, 449
List the prime factors of 3005567568.
2, 3, 887, 23531
What are the prime factors of 724964407?
137, 5291711
List the prime factors of 859290342.
2, 3, 859, 166723
List the prime factors of 10840588.
2, 11, 433, 569
What are the prime factors of 14567124?
2, 3, 11, 13, 653
What are the prime factors of 157424970?
2, 3, 5, 5247499
List the prime factors of 168049989.
3, 18672221
List the prime factors of 1350557564.
2, 181, 1865411
List the prime factors of 3524286807.
3, 349, 374009
What are the prime factors of 6453925951?
11, 17, 67, 46829
What are the prime factors of 260765319?
3, 86921773
List the prime factors of 52750999.
7, 113, 1361
What are the prime factors of 178165398?
2, 3, 29694233
List the prime factors of 243937147.
491, 496817
What are the prime factors of 123255830?
2, 5, 83, 148501
What are the prime factors of 41246405?
5, 151, 54631
What are the prime factors of 391469660?
2, 5, 23, 53, 16057
What are the prime factors of 30654223?
30654223
What are the prime factors of 1944662450?
2, 5, 1759, 22111
List the prime factors of 30328847.
30328847
What are the prime factors of 335731417?
7, 59, 853, 953
What are the prime factors of 515230611?
3, 7, 17, 1443223
List the prime factors of 19877151.
3, 7, 29, 127, 257
List the prime factors of 41623064.
2, 7, 743269
List the prime factors of 599446589.
7, 53, 257, 6287
List the prime factors of 1735706333.
127, 13666979
List the prime factors of 257911654.
2, 7, 11, 13, 47, 2741
What are the prime factors of 9936278?
2, 11, 19, 2161
List the prime factors of 2922410171.
2922410171
List the prime factors of 22376270.
2, 5, 7, 373, 857
List the prime factors of 967929761.
61, 499, 31799
What are the prime factors of 153098982?
2, 3, 59, 144161
List the prime factors of 2307316336.
2, 13, 83, 133649
List the prime factors of 4154659889.
45541, 91229
List the prime factors of 171933822.
2, 3, 9551879
List the prime factors of 237399868.
2, 631, 94057
List the prime factors of 5057447465.
5, 7, 10867, 13297
List the prime factors of 18848549.
53, 355633
List the prime factors of 7687942965.
3, 5, 170843177
What are the prime factors of 123197432?
2, 15399679
What are the prime factors of 19133215?
5, 1811, 2113
List the prime factors of 1024376386.
2, 11, 46562563
What are the prime factors of 64999285?
5, 13, 19, 52631
What are the prime factors of 674440255?
5, 37, 3645623
List the prime factors of 2498445.
3, 5, 31, 199
List the prime factors of 178483249.
7, 109, 233923
List the prime factors of 937831620.
2, 3, 5, 11, 131, 10847
What are the prime factors of 205216691?
59, 107, 32507
What are the prime factors of 7033753510?
2, 5, 7, 23, 47, 271
List the prime factors of 162183171.
3, 109, 495973
What are the prime factors of 968830525?
5, 13, 229309
List the prime factors of 2668372.
2, 7, 157, 607
What are the prime factors of 4392306654?
2, 3, 71, 179, 57601
List the prime factors of 38579398.
2, 11, 13, 12263
List the prime factors of 4472479793.
41, 9239, 11807
List the prime factors of 1861295512.
2, 229, 1015991
List the prime factors of 449217885.
3, 5, 109, 274751
List the prime factors of 746964159.
3, 1061, 234673
List the prime factors of 61629008.
2, 7, 19, 28961
What are the prime factors of 120295133?
7, 17185019
List the prime factors of 43634812.
2, 13, 839131
What are the prime factors of 741806130?
2, 3, 5, 13, 31, 61357
List the prime factors of 2250973.
131, 17183
What are the prime factors of 72980659?
263, 277493
List the prime factors of 472217638.
2, 236108819
What are the prime factors of 130600239?
3, 7, 11, 17, 4751
What are the prime factors of 32449783?
107, 173, 1753
List the prime factors of 62523230.
2, 5, 7, 11, 81199
List the prime factors of 5079073206.
2, 3, 22531, 37571
List the prime factors of 34054281.
3, 17, 73, 3049
What are the prime factors of 650732294?
2, 101, 241, 13367
List the prime factors of 1697556458.
2, 13, 65290633
What are the prime factors of 3174344554?
2, 19, 101, 587, 1409
List the prime factors of 558682815.
3, 5, 17, 89, 103, 239
List the prime factors of 36916049.
653, 56533
List the prime factors of 209948013.
3, 11, 47, 45121
List the prime factors of 13440211.
23, 584357
What are the prime factors of 5103516602?
2, 131, 137, 142183
What are the prime factors of 49641911?
11, 4512901
What are the prime factors of 50545403?
17, 67, 199, 223
List the prime factors of 437252752.
2, 27328297
What are the prime factors of 123777839?
37, 131, 25537
What are the prime factors of 1378848325?
5, 17, 587, 5527
What are the prime factors of 675796691?
47, 2269, 6337
List the prime factors of 6655826963.
23, 41, 7058141
List the prime factors of 43602811.
7, 101, 61673
What are the prime factors of 404338268?
2, 17, 1201, 4951
What are the prime factors of 1310921150?
2, 5, 7, 11, 19, 17921
List the prime factors of 1018113790.
2, 5, 61, 1277, 1307
What are the prime factors of 16598402?
2, 643, 12907
List the prime factors of 4689852854.
2, 79, 29682613
What are the prime factors of 662271590?
2, 5, 66227159
List the prime factors of 2135691737.
5501, 388237
What are the prime factors of 54436476?
2, 3, 4536373
What are the prime factors of 25312437?
3, 2812493
What are the prime factors of 6440343603?
3, 2146781201
List the prime factors of 326806031.
326806031
List the prime factors of 68291137.
71, 961847
What are the prime factors of 46984711?
46984711
List the prime factors of 3906672437.
17, 131, 1754231
What are the prime factors of 504096537?
3, 7, 24004597
List the prime factors of 367484497.
367484497
List the prime factors of 425539255.
5, 85107851
List the prime factors of 221776140.
2, 3, 5, 3696269
What are the prime factors of 58565676?
2, 3, 13, 19, 19759
What are the prime factors of 191842576?
2, 617, 19433
What are the prime factors of 124457624?
2, 2753, 5651
List the prime factors of 30905637.
3, 7, 1471697
What are the prime factors of 2187773950?
2, 5, 283, 154613
List the prime factors of 3411468285.
3, 5, 17, 127, 105341
What are the prime factors of 115456586?
2, 7, 31, 266029
List the prime factors of 457501831.
1039, 440329
List the prime factors of 167904054.
2, 3, 9328003
List the prime factors of 19109764.
2, 31, 154111
List the prime factors of 282499166.
2, 17, 1907, 4357
What are the prime factors of 3080353982?
2, 23, 773, 86629
What are the prime factors of 4394319153?
3, 7, 5417, 38629
What are the prime factors of 2302983460?
2, 5, 115149173
List the prime factors of 370301112.
2, 3, 467, 3671
What are the prime factors of 177519328?
2, 7, 277, 2861
List the prime factors of 65358912.
2, 3, 31, 79, 139
List the prime factors of 881833169.
7, 125976167
What are the prime factors of 495988321?
47, 71, 148633
List the prime factors of 1174190382.
2, 3, 5851, 11149
List the prime factors of 30718278.
2, 3, 189619
What are the prime factors of 106855558?
2, 79, 197, 3433
What are the prime factors of 186034736?
2, 11627171
What are the prime factors of 4331038?
2, 23, 94153
What are the prime factors of 6720286253?
2221, 3025793
List the prime factors of 368981283.
3, 11, 53, 210967
List the prime